 the tens digit of p?
1
Let h(i) = 2*i**2 + 4*i + 2. Suppose -3*m + 2*x + 25 = 0, -5*x + 25 = 3*m + 2*m. Let f be (-3 + m + 0)*-1. What is the units digit of h(f)?
8
Let g be 43/9 + (-12)/(-54). Let h = 6 + -3. Suppose m - 9 = i, -h*m + 7*m - 39 = g*i. What is the units digit of m?
6
Suppose -55 - 17 = -3*g. What is the units digit of g?
4
Let b be 4/6 - 50/(-6). Let m(y) = -y**2 + 12*y - 2. Let f be m(b). Let a = f - 16. What is the units digit of a?
9
Let a(z) = 19*z + 1. Let u be a(-2). Let i = -10 - u. What is the tens digit of i?
2
Let j = -7 - -25. Suppose 0 = p + p - j. What is the units digit of p?
9
Let b = 338 + -181. What is the hundreds digit of b?
1
What is the units digit of 77*(0 + (-48)/(-14))?
4
Let t = -213 + 404. What is the tens digit of t?
9
Let c(u) = u**3 + u**2 + u + 46. What is the units digit of c(0)?
6
Let m = 15 + -11. Suppose 2*c - m - 14 = 0. Let z(y) = -y + 13. What is the units digit of z(c)?
4
Suppose 15 - 125 = -d. What is the hundreds digit of d?
1
Suppose -2*i + 41 = 5*j, -j + 3 = 4. Suppose 5*y + i = 4*w, 4*w + 3*y + 0*y + 1 = 0. What is the units digit of (-2 - -1)*0 + w?
2
Let h(u) = u**2 - 6*u + 4. Let l be h(6). Suppose l*d + d - 70 = 0. What is the tens digit of 7/(-7) + -1 + d?
1
Let d(i) = i**2 + 5*i + 4. Let b be d(-4). Suppose b = -5*p - 18 + 43. What is the units digit of p?
5
Let g = 17 - -5. What is the units digit of g?
2
Suppose 0 = 4*p - 9 - 3. Let f(u) = 3*u + 4. What is the units digit of f(p)?
3
Let h = 174 + -122. What is the tens digit of h?
5
Let i(t) = -t**2 - 10*t - 7. Let d be i(-10). Let r be (-1*1)/(1/d). Suppose 5*c - r = 13. What is the units digit of c?
4
Let o be (0 + -1)/(-2) + (-10)/(-4). Let x be (0 + 0)/(2/1). Suppose x = -4*h + 6*h - 10, -o*s + 34 = 2*h. What is the units digit of s?
8
Let m(k) = 2*k + 7 - 7. Let l be m(2). Let n = 4 + l. What is the units digit of n?
8
Suppose 0 = 2*r + r - 9. Suppose -r*w + 8*w - 65 = 0. What is the units digit of w?
3
Let b(p) = -p**2 + p + 5. Let q be b(0). Suppose -93 = -q*h - 3*d, 3*d + 14 = 2*h - 19. What is the units digit of h?
8
Let d(p) be the third derivative of 13*p**5/60 + p**4/24 + p**3/6 + 8*p**2. What is the tens digit of d(-1)?
1
Suppose -2*i - 53 = -f, -2*i - f - 4*f = 23. Let o = i + 58. What is the tens digit of o?
3
Let t(c) = -2 - 3 - 2*c + c. Let w be t(-9). Suppose 5*j - 2*k - 16 = 0, -3*j - 5*k + 6 = -w*j. What is the units digit of j?
4
What is the tens digit of 4/(-10) + 1508/20 + -5?
7
Suppose -4*o = -2*m + 6, m = -4*m - o + 59. Let f(l) = -l + 15. Let b be f(m). Suppose -2*x + b*x - 20 = 0. What is the units digit of x?
0
Let i = -2 - -3. Let p = i - -1. Let k(r) = 2*r - 3. What is the units digit of k(p)?
1
Let k = 367 + -121. What is the units digit of k?
6
Let g(i) = 3*i**2 - 2*i - 23. What is the units digit of g(6)?
3
Suppose -13*s = -12*s - 208. What is the tens digit of s?
0
Let c = 0 + 77. What is the tens digit of c?
7
Let f(y) = -y**3 - 7*y**2 - 4*y - 16. What is the tens digit of f(-8)?
8
Suppose -8*s + 8 = -4*s. Suppose -5 = -s*f + f. What is the units digit of f?
5
Let h(p) = 2 - 2 + p**3 + 4*p**2 + 1 - 4*p. Suppose -5*d = -d + 16. What is the tens digit of h(d)?
1
Let r(o) = o + 5. Let k be r(-7). What is the units digit of k + (-3)/3 + 20?
7
Suppose 4*m - 466 = 5*i, -564 = -5*m - 2*i - i. What is the tens digit of m?
1
What is the hundreds digit of (-4)/(-10) + -2335*8/(-50)?
3
Let p = -14 + 15. What is the units digit of 2*p/(-2)*-7?
7
Suppose 3*u - 144 = -3*u. What is the tens digit of u?
2
Let u(w) = -w**2 + 4*w - 4. Let f be u(4). Let s(m) = -m**3 - 2*m**2 + 4*m. Let z be s(f). Suppose -4*g + 0*g = -z. What is the units digit of g?
4
Let d(s) = -41*s + 9. What is the hundreds digit of d(-3)?
1
Let r = 41 - 28. What is the tens digit of r?
1
Suppose 3*c - 3*j + 10 = -38, 0 = 5*c - 3*j + 90. Let h = -7 - c. What is the tens digit of h?
1
Suppose -3*d + 27 + 18 = 0. Suppose -4*r + 2 = 5*p - 10, 5*r - p = d. Suppose -3 = -3*v - s, 5*v = v + r*s + 17. What is the units digit of v?
2
Let w(s) = -18*s - 1. What is the units digit of w(-7)?
5
Let l be -3 + 9/3 + 0. Suppose l = -v - 1 + 2. What is the units digit of v?
1
Suppose -5*a - 5*r + 6 + 84 = 0, 2*a + 4*r - 42 = 0. Let g(h) = h**3 + h**2 - 4*h - 2. Let q be g(-3). Let i = q + a. What is the units digit of i?
7
Suppose -13 = -3*c + 29. Let f = 1 + c. What is the tens digit of f?
1
Let b = -1 - -3. Suppose -2*g - b*a + 12 = -3*a, -3*a = -6. What is the units digit of g?
7
Suppose d + 3*x + 11 + 1 = 0, 4*x = -8. Let f = 24 + d. What is the units digit of (-12)/f*54/(-4)?
9
Let o be (38/(-6))/((-9)/27). Let x = -11 + o. What is the units digit of x?
8
Let r(b) = b + 4. Suppose y - 9 = -0*y. What is the tens digit of r(y)?
1
Let z = -4 - -5. Suppose 9 = 2*l - z. Suppose 0 = -l*s - 4*g + 42 + 5, -2*g - 29 = -5*s. What is the units digit of s?
7
Let c = -210 + 296. What is the units digit of c?
6
Let a(j) = 2*j + 0 + 13 - 3. What is the units digit of a(5)?
0
Suppose 5*m + 2*r - 53 = -2*r, 17 = 3*m - 5*r. What is the tens digit of m/(-15) - (-103)/5?
2
Let d = -3 - -8. Suppose r + 1 = -0, b - d*r = 17. Suppose 3*o - b = 12. What is the units digit of o?
8
Let v(h) = 9*h**2 - 2*h - 2 + 5*h + 5 - 5. What is the tens digit of v(2)?
4
Let y = 219 + -155. What is the units digit of y?
4
Let i = 19 - 15. What is the units digit of i/(-2)*(-13 - -4)?
8
Suppose 167 = 5*r - b, -5*b + 4*b = 2. What is the tens digit of r?
3
Let o be 2/(-4) + 22/(-4). Let l(x) = -2*x - 2*x - 7 - 4*x + 5*x. What is the units digit of l(o)?
1
Let z be (2/(-1))/(3/6). Let w be (-44)/(-8) + 2/z. Suppose 0 = -3*y + w*c + 40, 54 = 7*y - 2*y - 2*c. What is the units digit of y?
0
Suppose 5*q + 2*j - 185 = 0, q + 148 = 5*q - 5*j. What is the units digit of q?
7
Let d = -35 - -15. Let q = -12 - d. Suppose -t = t - q. What is the units digit of t?
4
Suppose 5 = 2*i - 3*i. Let x(v) be the second derivative of -v**5/20 - 5*v**4/12 + 3*v**2 - v. What is the units digit of x(i)?
6
Let n = 176 - 99. What is the units digit of n?
7
Suppose -3*t - 10 = -31. Let s(g) = -g**3 + 6*g**2 + 9*g + 6. What is the units digit of s(t)?
0
Let c = -42 - -89. What is the units digit of c?
7
Suppose 4*f = -5*s - 15 - 10, -5*s - 2*f - 25 = 0. What is the tens digit of 154/10 + (-3)/s?
1
Suppose 0 = 4*v + v + 5*x - 25, -v = 2*x - 9. Let f be (1/2)/(v/32). Suppose -4*s = -4*d + f, 2*d + 2*s + 0 + 4 = 0. What is the units digit of d?
1
Suppose 0 = -4*o - 5*t + 929, -o + 2*t = -183 - 46. What is the tens digit of o?
3
Let t(x) = -x - 8. Let g be t(0). Let r = 9 - g. What is the tens digit of r?
1
Let a = 2 - 0. Suppose 4*x - 10 = -4*b + a, -4*b + 5 = -3*x. Suppose -2*g = 4*m - 34, 4*g + 11 = -x. What is the units digit of m?
0
Suppose -2*x = 2*j - 4, -5*j + 0*x - 3*x + 20 = 0. Let f(h) = -h**2 + 8*h - 7. Let d be f(j). What is the units digit of (-1 + d)/((-4)/28)?
7
Let l(f) = 2*f**3 - 2*f**2 + 4*f - 2. Suppose -3*p - p = -28. Suppose 0 = h + 5*z - z - 6, -3*h - z + p = 0. What is the tens digit of l(h)?
1
Suppose 6 = -3*z, -6*z - 18 = 5*f - 2*z. What is the units digit of 1 - (f + 2) - -8?
9
Let z = 9 + -9. Let j(g) = -6*g + 5 + 5*g + 6. What is the tens digit of j(z)?
1
Let a(j) = -3*j**3 - 3*j**2 + j - 6. Let z(q) = 7*q**3 + 7*q**2 - 3*q + 13. Let u(r) = -5*a(r) - 2*z(r). Let c be 1*(1 + -1)/3. What is the units digit of u(c)?
4
Let q(z) = 12*z - 5. Let s be q(3). Suppose -5 = -f + s. What is the units digit of f?
6
What is the units digit of 6/9 - (-1132)/12?
5
Suppose 5*k = 3*c - 399, 3*c - 4*k + 120 - 519 = 0. What is the tens digit of c?
3
Let z = 3 + -5. Let p(q) = -q**2 - 5*q - 1. Let o be p(z). Suppose -3*x = -4*a - 34, 2*a = 2*x + o*a - 17. What is the tens digit of x?
1
Let m = -18 + 29. Suppose -m - 1 = -s. What is the tens digit of s?
1
Let u = 7 + -5. Suppose 4*p - 6 = -u. What is the units digit of ((-6)/(-3))/p + -1?
1
Suppose -g = 4*w - 172, 0*g + 215 = 5*w + g. Suppose -4*j + w - 11 = 0. What is the units digit of j?
8
Let o(g) = -g**2 + 1. Let t be o(2). Let u be (-6)/(-4)*2/t. Let h(k) = -5*k**3 - k**2. What is the units digit of h(u)?
4
Let t = -16 - -26. Let h(z) = -7*z**2 + 11 + z**3 - 13*z - 2*z**2 + 2*z. What is the units digit of h(t)?
1
Let m(i) = -i**3 + 4*i + 3. Let j be m(-2)